[INFO] fetching crate runng_thrift 0.1.0...
[INFO] checking runng_thrift-0.1.0 against try#72f88fc4e9458f89516a0b8b0868f3718aec5b47 for pr-74989
[INFO] extracting crate runng_thrift 0.1.0 into /workspace/builds/worker-2/source
[INFO] validating manifest of crates.io crate runng_thrift 0.1.0 on toolchain 72f88fc4e9458f89516a0b8b0868f3718aec5b47
[INFO] running `Command { std: "/workspace/cargo-home/bin/cargo" "+72f88fc4e9458f89516a0b8b0868f3718aec5b47" "read-manifest" "--manifest-path" "Cargo.toml", kill_on_drop: false }`
[INFO] started tweaking crates.io crate runng_thrift 0.1.0
[INFO] finished tweaking crates.io crate runng_thrift 0.1.0
[INFO] tweaked toml for crates.io crate runng_thrift 0.1.0 written to /workspace/builds/worker-2/source/Cargo.toml
[INFO] running `Command { std: "/workspace/cargo-home/bin/cargo" "+72f88fc4e9458f89516a0b8b0868f3718aec5b47" "generate-lockfile" "--manifest-path" "Cargo.toml" "-Zno-index-update", kill_on_drop: false }`
[INFO] running `Command { std: "/workspace/cargo-home/bin/cargo" "+72f88fc4e9458f89516a0b8b0868f3718aec5b47" "fetch" "--locked" "--manifest-path" "Cargo.toml", kill_on_drop: false }`
[INFO] [stderr]  Downloading crates ...
[INFO] [stderr]   Downloaded integer-encoding v1.0.8
[INFO] [stderr]   Downloaded runng_derive v0.1.2
[INFO] [stderr]   Downloaded runng v0.1.11
[INFO] [stderr]   Downloaded thrift v0.12.0
[INFO] [stderr]   Downloaded runng-sys v1.1.1-rc.4
[INFO] running `Command { std: "docker" "create" "-v" "/var/lib/crater-agent-workspace/builds/worker-2/target:/opt/rustwide/target:rw,Z" "-v" "/var/lib/crater-agent-workspace/builds/worker-2/source:/opt/rustwide/workdir:ro,Z" "-v" "/var/lib/crater-agent-workspace/cargo-home:/opt/rustwide/cargo-home:ro,Z" "-v" "/var/lib/crater-agent-workspace/rustup-home:/opt/rustwide/rustup-home:ro,Z" "-e" "SOURCE_DIR=/opt/rustwide/workdir" "-e" "CARGO_TARGET_DIR=/opt/rustwide/target" "-e" "CARGO_HOME=/opt/rustwide/cargo-home" "-e" "RUSTUP_HOME=/opt/rustwide/rustup-home" "-w" "/opt/rustwide/workdir" "-m" "1610612736" "--user" "0:0" "--network" "none" "rustops/crates-build-env@sha256:d92eaeed33fa75130ca1ee6c8a01d1ffb62bac859dfdfb3450e3e5d1c0146529" "/opt/rustwide/cargo-home/bin/cargo" "+72f88fc4e9458f89516a0b8b0868f3718aec5b47" "metadata" "--no-deps" "--format-version=1", kill_on_drop: false }`
[INFO] [stdout] e5877d9cba6b140efa37ca81b214c2270dfcb9ca60140fb58105007e626e2221
[INFO] [stderr] WARNING: Your kernel does not support swap limit capabilities or the cgroup is not mounted. Memory limited without swap.
[INFO] running `Command { std: "docker" "start" "-a" "e5877d9cba6b140efa37ca81b214c2270dfcb9ca60140fb58105007e626e2221", kill_on_drop: false }`
[INFO] running `Command { std: "docker" "inspect" "e5877d9cba6b140efa37ca81b214c2270dfcb9ca60140fb58105007e626e2221", kill_on_drop: false }`
[INFO] running `Command { std: "docker" "rm" "-f" "e5877d9cba6b140efa37ca81b214c2270dfcb9ca60140fb58105007e626e2221", kill_on_drop: false }`
[INFO] [stdout] e5877d9cba6b140efa37ca81b214c2270dfcb9ca60140fb58105007e626e2221
[INFO] running `Command { std: "docker" "create" "-v" "/var/lib/crater-agent-workspace/builds/worker-2/target:/opt/rustwide/target:rw,Z" "-v" "/var/lib/crater-agent-workspace/builds/worker-2/source:/opt/rustwide/workdir:ro,Z" "-v" "/var/lib/crater-agent-workspace/cargo-home:/opt/rustwide/cargo-home:ro,Z" "-v" "/var/lib/crater-agent-workspace/rustup-home:/opt/rustwide/rustup-home:ro,Z" "-e" "SOURCE_DIR=/opt/rustwide/workdir" "-e" "CARGO_TARGET_DIR=/opt/rustwide/target" "-e" "CARGO_INCREMENTAL=0" "-e" "RUST_BACKTRACE=full" "-e" "RUSTFLAGS=--cap-lints=forbid" "-e" "CARGO_HOME=/opt/rustwide/cargo-home" "-e" "RUSTUP_HOME=/opt/rustwide/rustup-home" "-w" "/opt/rustwide/workdir" "-m" "1610612736" "--user" "0:0" "--network" "none" "rustops/crates-build-env@sha256:d92eaeed33fa75130ca1ee6c8a01d1ffb62bac859dfdfb3450e3e5d1c0146529" "/opt/rustwide/cargo-home/bin/cargo" "+72f88fc4e9458f89516a0b8b0868f3718aec5b47" "check" "--frozen" "--all" "--all-targets" "--message-format=json", kill_on_drop: false }`
[INFO] [stdout] b747984a1e6df2a77af74656f1a4f6762aac595c790b82ddf665d5165075d38f
[INFO] [stderr] WARNING: Your kernel does not support swap limit capabilities or the cgroup is not mounted. Memory limited without swap.
[INFO] running `Command { std: "docker" "start" "-a" "b747984a1e6df2a77af74656f1a4f6762aac595c790b82ddf665d5165075d38f", kill_on_drop: false }`
[INFO] [stderr]    Compiling libc v0.2.77
[INFO] [stderr]    Compiling unicode-xid v0.1.0
[INFO] [stderr]    Compiling syn v1.0.40
[INFO] [stderr]    Compiling bitflags v1.2.1
[INFO] [stderr]    Compiling quick-error v1.2.3
[INFO] [stderr]    Compiling termcolor v1.1.0
[INFO] [stderr]     Checking futures-core v0.3.5
[INFO] [stderr]    Compiling proc-macro2 v0.4.30
[INFO] [stderr]     Checking slab v0.4.2
[INFO] [stderr]     Checking cfg-if v0.1.10
[INFO] [stderr]     Checking pin-utils v0.1.0
[INFO] [stderr]    Compiling syn v0.15.44
[INFO] [stderr]     Checking byteorder v1.2.7
[INFO] [stderr]    Compiling clang-sys v0.23.0
[INFO] [stderr]    Compiling libloading v0.5.2
[INFO] [stderr]    Compiling cmake v0.1.44
[INFO] [stderr]    Compiling num-traits v0.2.12
[INFO] [stderr]    Compiling memchr v2.3.3
[INFO] [stderr]    Compiling log v0.4.11
[INFO] [stderr]    Compiling humantime v1.3.0
[INFO] [stderr]    Compiling proc-macro2 v0.3.5
[INFO] [stderr]     Checking futures-channel v0.3.5
[INFO] [stderr]     Checking log v0.3.9
[INFO] [stderr]    Compiling aho-corasick v0.7.13
[INFO] [stderr]    Compiling quote v0.5.2
[INFO] [stderr]    Compiling bindgen v0.40.0
[INFO] [stderr]    Compiling atty v0.2.14
[INFO] [stderr]    Compiling memchr v1.0.2
[INFO] [stderr]    Compiling which v1.0.5
[INFO] [stderr]    Compiling quote v0.6.13
[INFO] [stderr]    Compiling clap v2.33.3
[INFO] [stderr]    Compiling nom v3.2.1
[INFO] [stderr]     Checking num_cpus v1.13.0
[INFO] [stderr]     Checking backtrace v0.3.50
[INFO] [stderr]    Compiling regex v1.3.9
[INFO] [stderr]     Checking threadpool v1.7.1
[INFO] [stderr]     Checking ordered-float v1.1.0
[INFO] [stderr]    Compiling cexpr v0.2.3
[INFO] [stderr]    Compiling env_logger v0.5.13
[INFO] [stderr]    Compiling runng_derive v0.1.2
[INFO] [stderr]    Compiling pin-project-internal v0.4.23
[INFO] [stderr]    Compiling futures-macro v0.3.5
[INFO] [stderr]    Compiling async-trait v0.1.40
[INFO] [stderr]     Checking pin-project v0.4.23
[INFO] [stderr]     Checking futures-util v0.3.5
[INFO] [stderr]    Compiling runng-sys v1.1.1-rc.4
[INFO] [stderr]     Checking futures-executor v0.3.5
[INFO] [stderr]     Checking futures v0.3.5
[INFO] [stderr]     Checking integer-encoding v1.0.8
[INFO] [stderr]     Checking thrift v0.12.0
[INFO] [stderr]     Checking runng v0.1.11
[INFO] [stderr]     Checking runng_thrift v0.1.0 (/opt/rustwide/workdir)
[INFO] [stdout] error[E0599]: no function or associated item named `new` found for struct `NngMsg` in the current scope
[INFO] [stdout]   --> src/nng_channel.rs:31:31
[INFO] [stdout]    |
[INFO] [stdout] 31 |         let message = NngMsg::new()?;
[INFO] [stdout]    |                               ^^^ function or associated item not found in `NngMsg`
[INFO] [stdout] 
[INFO] [stdout] 
[INFO] [stdout] error[E0599]: no function or associated item named `new` found for struct `NngMsg` in the current scope
[INFO] [stdout]   --> src/nng_channel.rs:31:31
[INFO] [stdout]    |
[INFO] [stdout] 31 |         let message = NngMsg::new()?;
[INFO] [stdout]    |                               ^^^ function or associated item not found in `NngMsg`
[INFO] [stdout] 
[INFO] [stdout] 
[INFO] [stdout] error[E0308]: mismatched types
[INFO] [stdout]   --> src/nng_channel.rs:52:45
[INFO] [stdout]    |
[INFO] [stdout] 52 |             result_wrapper(TNngChannel::new(NngSocket::new(self.socket.nng_socket())))?
[INFO] [stdout]    |                                             ^^^^^^^^^^^^^^^^^^^^^^^^^^^^^^^^^^^^^^^^ expected struct `Arc`, found struct `NngSocket`
[INFO] [stdout]    |
[INFO] [stdout]    = note: expected struct `Arc<NngSocket>`
[INFO] [stdout]               found struct `NngSocket`
[INFO] [stdout] 
[INFO] [stdout] 
[INFO] [stdout] error[E0599]: no method named `append` found for struct `NngMsg` in the current scope
[INFO] [stdout]   --> src/nng_channel.rs:83:32
[INFO] [stdout]    |
[INFO] [stdout] 83 |         let res = self.message.append(buf.as_ptr(), len);
[INFO] [stdout]    |                                ^^^^^^ method not found in `NngMsg`
[INFO] [stdout] 
[INFO] [stdout] 
[INFO] [stdout] error[E0599]: no function or associated item named `new` found for struct `NngMsg` in the current scope
[INFO] [stdout]   --> src/nng_channel.rs:93:31
[INFO] [stdout]    |
[INFO] [stdout] 93 |         let mut msg = NngMsg::new()?;
[INFO] [stdout]    |                               ^^^ function or associated item not found in `NngMsg`
[INFO] [stdout] 
[INFO] [stdout] 
[INFO] [stdout] error: aborting due to 4 previous errors
[INFO] [stdout] 
[INFO] [stdout] 
[INFO] [stdout] Some errors have detailed explanations: E0308, E0599.
[INFO] [stdout] 
[INFO] [stdout] For more information about an error, try `rustc --explain E0308`.
[INFO] [stdout] 
[INFO] [stdout] error[E0308]: mismatched types
[INFO] [stdout]   --> src/nng_channel.rs:52:45
[INFO] [stdout]    |
[INFO] [stdout] 52 |             result_wrapper(TNngChannel::new(NngSocket::new(self.socket.nng_socket())))?
[INFO] [stdout]    |                                             ^^^^^^^^^^^^^^^^^^^^^^^^^^^^^^^^^^^^^^^^ expected struct `Arc`, found struct `NngSocket`
[INFO] [stdout]    |
[INFO] [stdout]    = note: expected struct `Arc<NngSocket>`
[INFO] [stdout]               found struct `NngSocket`
[INFO] [stdout] 
[INFO] [stdout] 
[INFO] [stdout] error[E0599]: no method named `append` found for struct `NngMsg` in the current scope
[INFO] [stdout]   --> src/nng_channel.rs:83:32
[INFO] [stdout]    |
[INFO] [stdout] 83 |         let res = self.message.append(buf.as_ptr(), len);
[INFO] [stdout]    |                                ^^^^^^ method not found in `NngMsg`
[INFO] [stdout] 
[INFO] [stdout] 
[INFO] [stdout] error[E0599]: no function or associated item named `new` found for struct `NngMsg` in the current scope
[INFO] [stdout]   --> src/nng_channel.rs:93:31
[INFO] [stdout]    |
[INFO] [stdout] 93 |         let mut msg = NngMsg::new()?;
[INFO] [stdout]    |                               ^^^ function or associated item not found in `NngMsg`
[INFO] [stdout] 
[INFO] [stdout] 
[INFO] [stderr] error: could not compile `runng_thrift`.
[INFO] [stderr] 
[INFO] [stderr] To learn more, run the command again with --verbose.
[INFO] [stderr] warning: build failed, waiting for other jobs to finish...
[INFO] [stdout] error: aborting due to 4 previous errors
[INFO] [stdout] 
[INFO] [stdout] 
[INFO] [stdout] Some errors have detailed explanations: E0308, E0599.
[INFO] [stdout] 
[INFO] [stdout] For more information about an error, try `rustc --explain E0308`.
[INFO] [stdout] 
[INFO] [stderr] error: build failed
[INFO] running `Command { std: "docker" "inspect" "b747984a1e6df2a77af74656f1a4f6762aac595c790b82ddf665d5165075d38f", kill_on_drop: false }`
[INFO] running `Command { std: "docker" "rm" "-f" "b747984a1e6df2a77af74656f1a4f6762aac595c790b82ddf665d5165075d38f", kill_on_drop: false }`
[INFO] [stdout] b747984a1e6df2a77af74656f1a4f6762aac595c790b82ddf665d5165075d38f
